2 + 60. Let q = l - -15. Calculate h(q).
2
Let h(q) be the first derivative of -q**2 + 2*q + 1. Suppose 3*l - 105 = -2*l. Let a = 19 - l. Determine h(a).
6
Let o(h) = 7*h - 2. Let u(l) = -8*l + 3. Let z(t) = 4*o(t) + 3*u(t). Calculate z(1).
5
Let c(a) be the first derivative of 2*a**3/3 - a**2 + 4*a + 7. Determine c(3).
16
Let f = -13 + 19. Let c be 153/(-27) - (-4)/f. Let v(k) = k + 6. Give v(c).
1
Let k = 20 - 6. Let f be (8/k)/(4/14). Let l(p) = 2*p**2 - p - 1. Determine l(f).
5
Let a(y) be the first derivative of -y**4/4 + 5*y**3/3 - 3*y**2 + 2*y + 1. Let f be -4 - -9 - (2 + -1). Determine a(f).
-6
Let l(g) be the second derivative of -g**3/2 - 3*g**2/2 - g. Calculate l(-5).
12
Let j(x) = -x**2 - x + 2. Let p(i) = -4 - 2 - i**2 + 5*i + 2*i. Let o be p(4). Let r be 4/o*6/2. Calculate j(r).
-4
Let z(v) = -5*v + 6. Let p(y) = 14*y - 17. Let q(t) = 3*p(t) + 8*z(t). Determine q(-5).
-13
Let o(r) = -r - 2. Let m be o(0). Let x(t) = -6*t + 3. Let s(n) = 25*n - 13. Let y(k) = 2*s(k) + 9*x(k). What is y(m)?
9
Let k(m) = -m**3 - 5*m**2 - 3*m + 3. Let l = -20 + 16. Determine k(l).
-1
Let k(y) be the third derivative of -y**4/24 - y**3/6 - 47*y**2 - 2. Give k(-8).
7
Let w be (-1 - 1)*(-1)/1. Let m(h) = -h**2 + 4 + 3*h - 6*h + w*h**2 - 4*h. What is m(3)?
-8
Let w(x) = -1 - 3 + 0*x + 2 + x. Give w(2).
0
Let m be (2/(-4) - -1)*6. Let p(t) = -2*t - t**2 - m - t + 0*t**2. Suppose 4*n + l + 2*l = 0, -4*l + 19 = -n. Give p(n).
-3
Let v(g) = 2*g**3 - g**2 - g. Let r(n) = 3*n - 3. Let o be r(2). Suppose -12 = 4*d - 4*c, -o*c + 13 = d - 6*d. Let b be (d/2)/(0 + 1). Calculate v(b).
-2
Let n(j) = -7*j + 15*j - 5*j - 2. Calculate n(2).
4
Let a(m) = m - 3. Let d(g) = g - 4. Let f(p) = -5*a(p) + 4*d(p). Determine f(-1).
0
Let z(l) = -l + 7. Let c(h) = h + 10 - 11 - 14. Let p(s) = -6*c(s) - 13*z(s). Determine p(-1).
-8
Suppose -2*u + 6*u - 35 = -5*m, -2*m - 9 = -3*u. Let c(h) = -4*h + 2. What is c(m)?
-10
Let f(z) = 7 + 0 - 7*z + 0 - 4. Give f(3).
-18
Suppose 9*w = 47 - 2. Let z(i) be the second derivative of -1/12*i**4 + 1/2*i**3 + 5/2*i**2 + 0 - i. Give z(w).
-5
Let g(z) = -z + 7. Let n(k) = -k**3 - 9*k**2 - 8*k + 5. Suppose -2*q = 4*a + q + 17, -33 = a - 5*q. Let w be n(a). What is g(w)?
2
Let t(o) = -4 + 15*o - 6 + 27*o**2 - 2. Let u(x) = -11*x**2 - 6*x + 5. Let l(a) = -5*t(a) - 12*u(a). Calculate l(-2).
-6
Suppose 35 = -30*c + 25*c. Let u(h) = -h - 2. Calculate u(c).
5
Suppose 0 = 3*s - 6*s + 30. Let h = 15 - s. Let v(m) be the second derivative of m**5/20 - m**4/3 - m**3/2 - 5*m**2/2 - 8*m. Calculate v(h).
5
Let v be (1 + 11)*(-14)/(-28). Let m = -2 - -5. Let h(w) = 4*w**m - 6*w**2 + 0*w**3 - 3*w**3. Determine h(v).
0
Let c(u) be the first derivative of u**2/2 - 2*u - 7. Give c(1).
-1
Suppose -3*w + 1 = -5. Suppose 0 = -4*x - o + 3*o + 18, 3*o + 3 = -w*x. Suppose -x*g = -8*g + 10. Let u(n) = n**2 - n. Determine u(g).
2
Let h(c) = c + 10. Suppose n + 1 = r, 0 = -3*n + r - 0*r - 3. Let k be -1 + n*6 + 1. Let f be (-2)/12 - 1/k. Determine h(f).
10
Let b = -2 - 1. Let j(l) = -2*l + 7. Let g be (-2*1)/(6/21). Let h(c) = -2*c + 8. Let f(v) = g*j(v) + 6*h(v). Calculate f(b).
-7
Let l(n) = 2*n**3 + 3*n - 6. Let z(u) = -2*u**3 - 2*u + 5. Let s(i) = -4*l(i) - 5*z(i). Let w be (0 + 1)*4/(-4). Calculate s(w).
-1
Let x(t) = t**3 - t**2 - t - 1. Let y be x(2). Let k(b) = -7*b - 7*b + y + 13*b. Give k(4).
-3
Let c(s) be the first derivative of -s**4/4 - 5*s**3/3 + 5*s**2/2 + 2*s - 6. Calculate c(-6).
8
Let m(n) be the second derivative of -2*n**3/3 - 2*n**2 - 3*n. Calculate m(-3).
8
Let i(n) = n**3 + 2*n**2 - 2*n. Suppose 0 = -4*x - x - 15. Determine i(x).
-3
Let b(a) = 3*a + 2*a**2 + 1 + 4 + a**3 + 2*a**2. Let n(v) = 3*v + 1. Let r be n(-4). Let t = -15 - r. What is b(t)?
-7
Suppose 5*h = -4*t + 12, 9 = -t + 4*t + 3*h. Let b be 1 + (-1)/(t/(-9)). Let k(y) = -3 + b + y + 1. What is k(-1)?
1
Let n be 2 + -2 - (0 + -1). Let f(q) = -3*q**3 + 3*q**2 - 5*q + 1. Let j(y) = -3*y**3 + 4*y**2 - 6*y + 1. Let h(c) = -6*f(c) + 5*j(c). Calculate h(n).
4
Let m be -4 + 1/(2/(-2)). Let i(h) = -h + 8. Let q(j) = 2*j - 17. Let b(o) = 13*i(o) + 6*q(o). Determine b(m).
7
Suppose 4*s - 2*s - 2 = 0. Let g(k) be the first derivative of 3*k**2 - 18. Determine g(s).
6
Let v(r) = 7*r**2 - 7*r**2 - r**2 - 3*r - 1. What is v(-1)?
1
Let p(c) = c**2 - 2*c. Let j(l) = -11*l - 1. Let h be j(1). Let o be (h/30)/((-2)/10). Determine p(o).
0
Let w(i) = i - 1. Suppose -2*y = 3*y - 10. Suppose -3 = -5*z + 2. Suppose -y*j + 3*j = z. Calculate w(j).
0
Let w(c) = c**3 + 9*c**2 - 2*c - 5. Let s(q) = q**3 + 8*q**2 - 3*q - 5. Let d(v) = -4*s(v) + 3*w(v). Suppose 2*y + 13 - 1 = 0. Determine d(y).
5
Let y = -1 + 0. Let m(q) = 17 - 29 + 11 + 5*q**2 - 2*q. What is m(y)?
6
Let j(o) be the first derivative of -o**3/3 + 9*o**2/2 + 5*o - 34. Give j(9).
5
Suppose 4*w = 8 + 4. Let s(v) be the third derivative of -v**6/120 + v**5/30 - v**4/24 - 31*v**2. Calculate s(w).
-12
Let g(r) = -2*r - 3. Let w = -10 + 15. Suppose l + 0 = 2*p + 2, 4*p - 66 = -w*l. Let b be l/(-3) - (-2)/(-3). What is g(b)?
5
Let f(p) = -p**2 + 6*p - 3. Suppose -5*g + 33 = 2*v, -g + 5*v - 4*v = -1. Let h be f(g). Let s(n) = h*n**2 + 5 - 1 - 3*n**2 - 3*n. Give s(-3).
4
Let l(x) = x**3 - x**2 + x + 2. Let f = -72 + 72. Give l(f).
2
Let v(d) = 3*d - 10*d + 9*d. Determine v(-3).
-6
Let c(n) be the second derivative of -4*n**3/3 - 13*n. What is c(-1)?
8
Let z(b) = 2*b + 1. Let n = -31 + 38. Determine z(n).
15
Let c(p) = -3*p + 4 - p**3 + 3*p - 3. Let k be c(-1). Let r(a) be the third derivative of a**4/6 - a**3/3 - a**2. Give r(k).
6
Let v(r) = 0 + 0*r + 2 - 29*r**2 + 23*r**2 - 4*r - r**3. What is v(-4)?
-14
Let c be (0/(-7) - (-1 - -2))*-1. Let p(s) = -s**3 + 4*s**2 - 1. Let y(n) = 4*n**3 - 17*n**2 + 4. Let f(r) = -9*p(r) - 2*y(r). Calculate f(c).
0
Let u be 2 - (-1 - -5)/(-10 - -11). Let p(z) = -z**2 + 2*z + 1. What is p(u)?
-7
Let f be 108/(-14) + (-114)/(-42) + -3. Let p(n) = n + 3. Calculate p(f).
-5
Let p = -20 + 17. Let g(m) = 3*m**3 + 29*m**2 - 6. Let b(z) = -z**3 - 10*z**2 + 2. Let l(k) = -17*b(k) - 6*g(k). Determine l(p).
-7
Let l(g) be the third derivative of -g**8/6720 + g**7/840 - g**6/360 + g**5/60 - g**4/12 + 2*g**2. Let n(c) be the second derivative of l(c). Give n(2).
2
Let d = 1 - -2. Suppose -20 = -i - d*i. Let z(c) = -c**2 + 6*c - 3. Determine z(i).
2
Let c(o) = -o**3 + 5*o**2 - 3*o - 4. Let f(g) = g**3 - 12*g**2 + 8*g + 36. Let t be f(11). Calculate c(t).
5
Suppose 0 = -3*q - q + 4. Let a(f) = f**3 + 7*f**2 + f + 7. Let z be a(-7). Let b(y) = 3*y - 4*y + z*y - q. Give b(-3).
2
Let c(x) be the first derivative of x**2/2 - 3*x - 9. Determine c(2).
-1
Suppose -5*a - 2*m = 1 + 1, 0 = -2*a + m - 8. Let n(b) be the third derivative of -b**4/24 + b**3/3 + b**2. Determine n(a).
4
Let j be -6*(-1 + 3/6). Let u = 3 - j. Let c(b) = -2*b + 3 + 4*b + u*b. What is c(-2)?
-1
Let g = 40 + -39. Let j(c) = 2*c**3 - c**2 + c. Determine j(g).
2
Let l(b) = b**2 - 5*b - 6. Let i(k) = -2*k**2 + 28*k + 5. Let x be i(14). Determine l(x).
-6
Let g(j) be the first derivative of -j**4/4 + j**3/3 + 3*j**2/2 + 2*j - 1. Let f be 3*(0 - 1) - (23 + -24). What is g(f)?
8
Let d(r) be the third derivative of -5/24*r**4 - 1/60*r**5 - r**2 + 0*r - 1/6*r**3 + 0. Let w = 19 - 23. Give d(w).
3
Let c(z) = z**3 - 5*z**2 - 7*z - 6. Suppose q = 84 - 4. Let a be 6/(-39) + q/13. What is c(a)?
-12
Let t be -1*(0 - 1/1). Let p(w) = 2 + w**3 - 3 - 3*w**2 - 3 + t + 4*w. What is p(2)?
1
Let u(t) = -t**2 + t - 2. Suppose -p + 3 = -1. Give u(p).
-14
Suppose -2*v = -9 - 1. Let g(x) = 0*x**2 + x**2 + 4 - v*x + 0*x. Give g(5).
4
Let d(f) = 3*f - 2*f + 26 - 34 + f**2. Calculate d(0).
-8
Let x(y) = 4*y**3 - 2*y**2 - 2*y - 1. Let k(p) = p**3 - 5*p**2 - 6*p - 1. Let v be k(6). Let s be x(v). Let g(l) = -l**2 - 2*l + 7. What is g(s)?
-8
Let n be 2/5 + 9/15. Let i(v) be the first derivative of 7*v**5/20 + v**3/6 - v**2/2 + 2*v - 1. Let m(a) be the first derivative of i(a). Give m(n).
7
Let q be (-9)/(-3) + (-1 - 0). Let w(a) = 1 - 2*a + 4*a**2 - a - 5*a**q + a. Let n(s) = s + 9. Let k be n(-7). Calculate w(k).
-7
Let p(o) = o + 2. Let k = 31 - 18. Suppose -k - 12 = 5*n. Give p(n).
-3
Let y(l) = -3*l**3 + 14*l**2 - 3*l + 21. Let w(b) = -b**3 + 5*b**2 - b + 7. Let v(f) = -7*w(f) + 2*y(f). Determine v(